{"id":319,"date":"2023-02-12T08:06:12","date_gmt":"2023-02-12T07:06:12","guid":{"rendered":"http:\/\/foshna.com\/eshop\/?post_type=product&#038;p=319"},"modified":"2024-01-29T10:34:50","modified_gmt":"2024-01-29T09:34:50","slug":"tainted-dark-symbol","status":"publish","type":"product","link":"https:\/\/foshna.com\/eshop\/produkt\/tainted-dark-symbol\/","title":{"rendered":"Tainted dark Symbol"},"content":{"rendered":"","protected":false},"excerpt":{"rendered":"<p><span style=\"font-weight: 400;\">Symbol, nach\u00e1zej\u00edc\u00ed se na z\u00e1dech trika, vyjad\u0159uje podstatu Foshny, ukr\u00fdv\u00e1 mnoho z\u00e1hadn\u00fdch ot\u00e1zek a ukazuje nitro stoupenc\u016f Fathera. Symbol je dopln\u011bn kombinac\u00ed \u010dern\u00e9 a fialov\u00e9 barvy.<\/span><\/p>\n<p><span style=\"font-weight: 400;\">Tri\u010dko m\u00e1 ve p\u0159edu na prsou vy\u0161it\u00e9 b\u00edl\u00e9 OG logo Foshna a na z\u00e1dech design \u201eTainted dark Symbol\u201c. <\/span><\/p>\n","protected":false},"featured_media":1078,"template":"","meta":[],"product_cat":[20],"product_tag":[],"class_list":["post-319","product","type-product","status-publish","has-post-thumbnail","hentry","product_cat-trika","pa_kolekce-last-party-spring-23"],"_links":{"self":[{"href":"https:\/\/foshna.com\/eshop\/wp-json\/wp\/v2\/product\/319","targetHints":{"allow":["GET"]}}],"collection":[{"href":"https:\/\/foshna.com\/eshop\/wp-json\/wp\/v2\/product"}],"about":[{"href":"https:\/\/foshna.com\/eshop\/wp-json\/wp\/v2\/types\/product"}],"wp:featuredmedia":[{"embeddable":true,"href":"https:\/\/foshna.com\/eshop\/wp-json\/wp\/v2\/media\/1078"}],"wp:attachment":[{"href":"https:\/\/foshna.com\/eshop\/wp-json\/wp\/v2\/media?parent=319"}],"wp:term":[{"taxonomy":"product_cat","embeddable":true,"href":"https:\/\/foshna.com\/eshop\/wp-json\/wp\/v2\/product_cat?post=319"},{"taxonomy":"product_tag","embeddable":true,"href":"https:\/\/foshna.com\/eshop\/wp-json\/wp\/v2\/product_tag?post=319"}],"curies":[{"name":"wp","href":"https:\/\/api.w.org\/{rel}","templated":true}]}}