{"id":1198,"date":"2024-03-30T12:00:56","date_gmt":"2024-03-30T11:00:56","guid":{"rendered":"https:\/\/foshna.com\/eshop\/?post_type=product&#038;p=1198"},"modified":"2024-03-30T12:07:32","modified_gmt":"2024-03-30T11:07:32","slug":"og-logo-cap","status":"publish","type":"product","link":"https:\/\/foshna.com\/eshop\/produkt\/og-logo-cap\/","title":{"rendered":"OG logo Cap"},"content":{"rendered":"","protected":false},"excerpt":{"rendered":"<p>K\u0161iltovka ur\u010den\u00e1 prim\u00e1rn\u011b pro na\u0161e dlouhodob\u00e9 a v\u011brn\u00e9 fanou\u0161ky, kte\u0159\u00ed podporuj\u00ed a p\u0159edev\u0161\u00edm znaj\u00ed podstatu sv\u011bta FOSHNA. Ka\u017edop\u00e1dn\u011b, pokud nepat\u0159\u00ed\u0161 k t\u011bmto stoupenc\u016fm, v\u011bdomosti na\u0161i historie nen\u00ed nic, co by se nedalo z\u00edskat z pramen\u016f soci\u00e1ln\u00edch s\u00edt\u00ed, \u010di webov\u00fdch str\u00e1nek.\u00a0<!-- notionvc: ac5c8a4f-f55b-4f27-8595-031b8f57f4ec --><\/p>\n<p>\u010cern\u00e1 k\u0161iltovka m\u00e1 na sob\u011b vy\u0161it\u00e9 OG (p\u016fvodn\u00ed) logo FOSHNA.<\/p>\n","protected":false},"featured_media":1200,"template":"","meta":[],"product_cat":[15],"product_tag":[],"class_list":["post-1198","product","type-product","status-publish","has-post-thumbnail","hentry","product_cat-ostatni","pa_kolekce-sad-skull-spring-24"],"_links":{"self":[{"href":"https:\/\/foshna.com\/eshop\/wp-json\/wp\/v2\/product\/1198","targetHints":{"allow":["GET"]}}],"collection":[{"href":"https:\/\/foshna.com\/eshop\/wp-json\/wp\/v2\/product"}],"about":[{"href":"https:\/\/foshna.com\/eshop\/wp-json\/wp\/v2\/types\/product"}],"wp:featuredmedia":[{"embeddable":true,"href":"https:\/\/foshna.com\/eshop\/wp-json\/wp\/v2\/media\/1200"}],"wp:attachment":[{"href":"https:\/\/foshna.com\/eshop\/wp-json\/wp\/v2\/media?parent=1198"}],"wp:term":[{"taxonomy":"product_cat","embeddable":true,"href":"https:\/\/foshna.com\/eshop\/wp-json\/wp\/v2\/product_cat?post=1198"},{"taxonomy":"product_tag","embeddable":true,"href":"https:\/\/foshna.com\/eshop\/wp-json\/wp\/v2\/product_tag?post=1198"}],"curies":[{"name":"wp","href":"https:\/\/api.w.org\/{rel}","templated":true}]}}