{"id":1133,"date":"2024-03-30T12:00:11","date_gmt":"2024-03-30T11:00:11","guid":{"rendered":"https:\/\/foshna.com\/eshop\/?post_type=product&#038;p=1133"},"modified":"2025-10-27T22:03:01","modified_gmt":"2025-10-27T21:03:01","slug":"grey-zone-crewneck","status":"publish","type":"product","link":"https:\/\/foshna.com\/eshop\/produkt\/grey-zone-crewneck\/","title":{"rendered":"Grey Zone Crewneck"},"content":{"rendered":"","protected":false},"excerpt":{"rendered":"<p>Nic nen\u00ed \u010dernob\u00edl\u00e9, pokud to ch\u00e1pe\u0161, \u017eije\u0161 v tzv. \u0161ed\u00e9 z\u00f3n\u011b. Je to m\u00edsto, kde sv\u011btlo a tma jsou v rovnov\u00e1ze, v\u0161ak ob\u010das se objev\u00ed i barvy. Co v\u00edc by sis mohl p\u0159\u00e1t ne\u017e Crewneck kter\u00fd p\u0159esn\u011b tohle vystihuje?<\/p>\n<p>Bavln\u011bn\u00e1 mikina typu crewneck m\u00e1 na prsou vy\u0161it\u00e9 fialov\u00e9 Calligraphic logo FOSHNA.<\/p>\n<p><!-- notionvc: b2d2c1af-beaf-4563-aa51-93c8d7959a3e --><\/p>\n<p><!-- notionvc: 2d2767ab-ba6b-4437-91f9-2457f18f63a2 --><\/p>\n","protected":false},"featured_media":1135,"template":"","meta":[],"product_cat":[19],"product_tag":[],"class_list":["post-1133","product","type-product","status-publish","has-post-thumbnail","hentry","product_cat-mikiny","pa_kolekce-last-party-spring-23"],"_links":{"self":[{"href":"https:\/\/foshna.com\/eshop\/wp-json\/wp\/v2\/product\/1133","targetHints":{"allow":["GET"]}}],"collection":[{"href":"https:\/\/foshna.com\/eshop\/wp-json\/wp\/v2\/product"}],"about":[{"href":"https:\/\/foshna.com\/eshop\/wp-json\/wp\/v2\/types\/product"}],"wp:featuredmedia":[{"embeddable":true,"href":"https:\/\/foshna.com\/eshop\/wp-json\/wp\/v2\/media\/1135"}],"wp:attachment":[{"href":"https:\/\/foshna.com\/eshop\/wp-json\/wp\/v2\/media?parent=1133"}],"wp:term":[{"taxonomy":"product_cat","embeddable":true,"href":"https:\/\/foshna.com\/eshop\/wp-json\/wp\/v2\/product_cat?post=1133"},{"taxonomy":"product_tag","embeddable":true,"href":"https:\/\/foshna.com\/eshop\/wp-json\/wp\/v2\/product_tag?post=1133"}],"curies":[{"name":"wp","href":"https:\/\/api.w.org\/{rel}","templated":true}]}}